actor of 572640074?
False
Is 2658 a factor of 116329443?
False
Is 421088949 a multiple of 81?
True
Is 4774981 a multiple of 239?
True
Is 959 a factor of 601425440?
False
Does 6 divide 192698499?
False
Does 14 divide 2600441396?
True
Is 288 a factor of 59211360?
True
Does 37 divide 3474263?
True
Does 78 divide 9831198?
True
Is 188292010 a multiple of 4735?
True
Does 31 divide 369316082?
True
Is 32 a factor of 103581922?
False
Is 3602602 a multiple of 43?
False
Is 17 a factor of 70495915?
False
Is 946644670 a multiple of 755?
True
Is 53 a factor of 75094004?
True
Is 161 a factor of 18879665?
True
Does 221 divide 13793273?
True
Is 481923720 a multiple of 44?
False
Is 955035648 a multiple of 1536?
True
Is 7423 a factor of 2356882824?
False
Is 20486177 a multiple of 55?
False
Does 116 divide 31009120?
True
Is 3346677984 a multiple of 1823?
True
Is 4879 a factor of 595208726?
True
Is 90 a factor of 137460191?
False
Is 27488402 a multiple of 2322?
False
Is 35161005 a multiple of 55?
True
Is 426331575 a multiple of 6225?
True
Is 124 a factor of 37469275?
False
Is 13109160 a multiple of 151?
False
Is 392493031 a multiple of 1257?
False
Does 7 divide 55944493?
False
Is 58497828 a multiple of 1173?
False
Is 25 a factor of 45853250?
True
Is 484 a factor of 61050799?
False
Is 2021108976 a multiple of 5276?
True
Is 15 a factor of 14845768?
False
Is 2158983 a multiple of 411?
True
Does 19 divide 57349334?
True
Is 1008 a factor of 19718321?
False
Does 18 divide 196051248?
True
Is 30954980 a multiple of 635?
True
Does 172 divide 2532856571?
False
Is 523 a factor of 92307797?
False
Does 1543 divide 184968668?
True
Does 18 divide 111744720?
True
Is 95434372 a multiple of 1892?
True
Is 17 a factor of 22150201?
True
Is 11062265 a multiple of 607?
False
Does 130 divide 14196520?
True
Is 206008443 a multiple of 149?
True
Is 69 a factor of 347535293?
False
Is 1322440185 a multiple of 7357?
False
Is 1594 a factor of 131917375?
False
Is 71449387 a multiple of 2465?
False
Is 2209111638 a multiple of 488?
False
Is 21384156 a multiple of 60?
False
Does 19 divide 9473510?
False
Is 50 a factor of 2160228?
False
Is 265394880 a multiple of 36?
True
Is 283372193 a multiple of 1849?
True
Is 10 a factor of 387099910?
True
Is 56 a factor of 53636352?
True
Is 895 a factor of 25949630?
True
Is 544577690 a multiple of 59?
False
Is 22 a factor of 274678846?
False
Is 261567726 a multiple of 81?
False
Does 26 divide 23540157?
False
Does 349 divide 365966635?
True
Is 518 a factor of 4978498?
True
Is 1729 a factor of 36791391?
True
Is 3789 a factor of 840695742?
True
Is 65929304 a multiple of 196?
True
Is 512739848 a multiple of 110?
False
Does 982 divide 17023359?
False
Does 526 divide 1122740274?
False
Is 152856745 a multiple of 173?
True
Is 8439957 a multiple of 81?
True
Does 244 divide 9217072?
False
Does 130 divide 3314661?
False
Is 21315487 a multiple of 521?
False
Does 8 divide 595167264?
True
Does 44 divide 2363064?
True
Is 285788322 a multiple of 37?
False
Is 426 a factor of 1409659134?
True
Does 6 divide 1145179620?
True
Is 985750740 a multiple of 5499?
True
Does 14 divide 7727216?
True
Is 102572626 a multiple of 9?
False
Is 1091 a factor of 2261643?
True
Does 33 divide 4049550441?
False
Is 12109120 a multiple of 13?
False
Is 1141395392 a multiple of 473?
False
Is 185561502 a multiple of 2?
True
Does 23 divide 730597481?
False
Does 8 divide 324773743?
False
Is 408 a factor of 6025499?
False
Does 182 divide 71749617?
False
Does 9102 divide 1030234228?
False
Is 104926062 a multiple of 45?
False
Is 263 a factor of 188676726?
True
Does 4158 divide 473438196?
True
Is 557442 a multiple of 17?
False
Is 2450968390 a multiple of 111?
False
Is 2959441288 a multiple of 172?
True
Does 115 divide 811324?
False
Is 74329695 a multiple of 2278?
False
Is 31460143 a multiple of 13?
True
Does 30 divide 34584081?
False
Does 48 divide 656469504?
True
Is 69 a factor of 2381506296?
True
Is 163 a factor of 114211003?
True
Is 2282 a factor of 477409721?
False
Does 2849 divide 271220533?
False
Does 29 divide 139512359?
True
Is 43 a factor of 84458614?
False
Does 7 divide 980231?
True
Is 3 a factor of 874304?
False
Is 4736192 a multiple of 86?
True
Is 22385766 a multiple of 3?
True
Is 15863452 a multiple of 18?
False
Is 12 a factor of 52396415?
False
Does 168 divide 88911487?
False
Does 1186 divide 455807078?
True
Does 8 divide 43856160?
True
Is 16 a factor of 35853698?
False
Is 373599200 a multiple of 65?
True
Is 173 a factor of 4323616?
True
Does 9 divide 12746575?
False
Is 28 a factor of 28039856?
False
Is 498749440 a multiple of 40?
True
Is 19040166 a multiple of 57?
True
Is 39 a factor of 5494678?
False
Is 898 a factor of 218215796?
True
Does 24 divide 406488182?
False
Is 54685036 a multiple of 2219?
True
Is 11081774 a multiple of 267?
False
Is 1504 a factor of 140251008?
True
Is 898761920 a multiple of 3698?
True
Is 93147768 a multiple of 72?
True
Is 1748754777 a multiple of 859?
True
Is 37772098 a multiple of 91?
True
Is 38 a factor of 440569262?
False
Does 154 divide 4508337792?
False
Is 10 a factor of 1728748890?
True
Is 466 a factor of 1360667808?
True
Does 1230 divide 14373601?
False
Is 7 a factor of 1217049603?
True
Is 25 a factor of 4885098?
False
Is 810 a factor of 154874430?
True
Is 40791544 a multiple of 21?
False
Does 66 divide 4405434?
True
Is 214044817 a multiple of 3693?
False
Is 3452 a factor of 2137766833?
False
Is 399547434 a multiple of 338?
True
Is 604 a factor of 994235340?
True
Does 204 divide 160703856?
True
Is 186 a factor of 1280594117?
False
Does 16 divide 35789080?
False
Is 154844970 a multiple of 1610?
True
Is 28 a factor of 24569076?
True
Does 37 divide 4509731421?
True
Does 3198 divide 260381160?
True
Is 26 a factor of 150301814?
True
Is 1219317 a multiple of 2?
False
Is 217 a factor of 24881220?
True
Is 164 a factor of 27865404?
True
Does 1108 divide 3156692?
True
Does 593 divide 44823839?
False
Does 14 divide 103696964?
True
Is 72492233 a multiple of 17?
True
Does 137 divide 29280462?
True
Is 23 a factor of 152558784?
False
Is 225 a factor of 17483400?
True
Does 67 divide 46805396?
True
Is 78 a factor of 169761852?
True
Does 21 divide 2580496954?
False
Does 8 divide 39007936?
True
Does 132 divide 143305800?
True
Does 129 divide 2557472714?
False
Is 1559572872 a multiple of 2616?
True
Does 120 divide 1086184080?
True
Does 5 divide 32285155?
True
Is 82016142 a multiple of 3?
True
Is 221 a factor of 60721960?
True
Is 1969 a factor of 2723518831?
True
Is 26 a factor of 32373848?
True
Does 21 divide 3798816?
True
Is 169540776 a multiple of 108?
True
Is 10 a factor of 1794160?
True
Is 1646 a factor of 65787328?
True
Does 64 divide 278308416?
True
Is 1278698717 a multiple of 888?
False
Is 3307 a factor of 7730604?
False
Is 1105604565 a multiple of 533?
True
Does 817 divide 328520093?
False
Is 53 a factor of 20148904?
True
Does 79 divide 2461134140?
False
Does 62 divide 79068724?
True
Is 18 a factor of 1876402998?
True
Is 116645351 a multiple of 911?
True
Is 277198950 a multiple of 3075?
True
Is 80880684 a multiple of 12?
True
Does 8920 divide 727122720?
True
Is 385 a factor of 434498039?
False
Is 20 a factor of 2243273979?
False
Does 288 divide 47760768?
True
Is 150591099 a multiple of 7?
False
Is 57378272 a multiple of 17?
False
Is 35013313 a multiple of 59?
False
Does 81 divide 877072759?
False
Is 403 a factor of 936281034?
True
Is 660188682 a multiple of 10?
False
Is 186971099 a multiple of 7?
True
Is 67380336 a multiple of 2?
True
Does 2781 divide 3234859200?
True
Is 989 a factor of 328079981?
True
Does 9 divide 987220?
False
Does 56 divide 2587306?
False
Does 135 divide 2773979190?
True
Is 226 a factor of 4889031?
False
Is 3 a factor of 10351854?
True
Is 11 a factor of 3588464?
True
Does 91 divide 698299705?
False
Is 10 a factor of 1507073390?
True
Is 8550763 a multiple of 1013?
False
Does 241 divide 96813523?
False
Is 30083118 a multiple of 19?
True
Is 2255674598 a multiple of 209?
False
Is 650992926 a multiple of 543?
True
Is 10013208 a multiple of 6?
True
Is 2997572288 a multiple of 357?
False
Is 30 a factor of 831673987?
False
Is 3208944 a multiple of 7?
False
Is 68530614 a multiple of 8?
False
Is 800865736 a multiple of 932?
True
Is 98590041 a multiple of 727?